135 and t?
15
Let o be 14/105 + 30547/60 - (-7)/4. Calculate the greatest common factor of 4 and o.
1
Suppose -175 = -5*i + 85. Let n = 34264 - 34186. Calculate the greatest common factor of i and n.
26
Let x = -30735 + 31239. What is the greatest common factor of x and 10836?
252
Let b = 351 + -239. Suppose -3*g = 33*t - 30*t + 1458, g + 1 = 0. Let f = 513 + t. What is the highest common factor of b and f?
28
Let r(d) = 8*d + 249. Let h be r(-25). Let a = 7 - 3. Suppose -a*y + y = -21. Calculate the greatest common factor of h and y.
7
Let m = -3878 - -5523. What is the greatest common factor of m and 105?
35
Suppose 3*b = 7*b - 92. Suppose 16*s = b*s + 945. Let z be (4/5)/((-6)/s) - 3. What is the highest common divisor of 165 and z?
15
Suppose -2 + 14 = 6*j. Let h(u) = 6*u - 23. Let y be h(14). Let b be 4 - j - 1 - (5 - y). What is the greatest common divisor of b and 76?
19
Let b be 3 + (1 - (-11 - -3)) + -2. Suppose -b*c = -6*c - 240. Suppose 2*h + 4*g = -g + 17, -5*g - c = -5*h. What is the highest common divisor of 88 and h?
11
Suppose -4*i + 4*m + 11230 + 31270 = 0, -31870 = -3*i - 2*m. Calculate the highest common divisor of i and 166.
166
Let l = -9888 + 9964. Calculate the greatest common divisor of 2014 and l.
38
Suppose -z + 12 = 5*y, -5*z - 5 = -15. Suppose i = 4*r - 704, -3*r - i = y*r - 871. What is the greatest common divisor of 25 and r?
25
Let s = -1275 + 1459. What is the highest common divisor of 3427 and s?
23
Suppose -2 = -2*h, 153 = -3*v + 4*h + 560. What is the greatest common divisor of 3 and v?
1
Suppose 32*f = 274 + 1059 + 267. Calculate the highest common factor of f and 590.
10
Suppose -612 = -33*n + 21*n. Suppose 72*y - 483 = n*y. Let p be 1/(0 - 2/(-46)). Calculate the greatest common divisor of p and y.
23
Suppose k + 4 = 0, -8*k = m - 6*k - 3063. Calculate the greatest common factor of 83 and m.
83
Suppose 12 = -2*t, -2*q + 5*t + 174 = -136. Calculate the highest common factor of 15085 and q.
35
Let g be 192/(-1064) - (-4)/(-38) - 4554/(-14). Calculate the highest common divisor of 275 and g.
25
Let h = 35289 + -34778. Let x(y) = -4*y**3 + 4*y**2 + 2. Let w be x(-3). Calculate the highest common factor of w and h.
73
Let n be ((0*(-3)/9)/2)/2. Suppose n = 4*d + 5*q - 305, 157 = 5*d - 5*q - 258. Let k be 1 + -1 - (-1 - 19). What is the highest common factor of k and d?
20
Let h(v) = -v**2 - v + 1. Let n(k) = 5*k**2 + 11*k - 2. Let r(z) = 2*h(z) + n(z). Let i be r(-4). What is the highest common divisor of 9 and i?
3
Suppose 9*m - 103 = 14. Let q(w) = -8 + m*w - 60*w + 21*w. Let f be q(-12). What is the greatest common factor of f and 38?
38
Let s(d) = -99*d - 11. Let z be s(-3). What is the greatest common factor of z and 1474?
22
Let k(i) = 2*i + 3. Let c be k(-3). Let s be (-5131)/21*(9/c)/1. Suppose s = 16*a - 1107. Calculate the greatest common factor of 23 and a.
23
Let l = -211 + 415. Let m = l - 190. Calculate the highest common factor of 28 and m.
14
Suppose -48 = -8*m + 112. Let n = -17 + m. Calculate the highest common divisor of n and 69.
3
Let a = -551 - -563. Let x = -37 + 61. Let j be (x/20)/(3/10). What is the highest common factor of j and a?
4
Suppose 36*t - 2033 = -341. Suppose 0 = -2*s - 3*a + 121 - 40, s - t = 5*a. Calculate the highest common factor of s and 18.
6
Let w(z) = 6*z + 8. Let c be w(-1). Suppose -8*v = -6*v - 10, -d = -c*v - 390. Calculate the greatest common divisor of 50 and d.
50
Let y be -15 - -5 - -8 - 16. Let k be 24/y*11/((-110)/1275). What is the greatest common factor of 306 and k?
34
Let j(i) = i**3 - 30*i**2 - 27*i - 66. Let m be j(31). Suppose -2*s + 205 = o, -4*o - s - 2*s + 815 = 0. What is the highest common divisor of o and m?
29
Suppose 12*z - 269 = 1363. Suppose -z = -5*i - 6. Let p(d) = -34*d - 3. Let l be p(-2). Calculate the greatest common factor of l and i.
13
Suppose 0 = -130*a - 244 + 2064. Calculate the greatest common divisor of 49 and a.
7
Let a = -3903 - -4078. Calculate the greatest common divisor of 385 and a.
35
Let k = 28440 - 28380. Let n be ((-6)/(-5))/(6/200). What is the highest common divisor of n and k?
20
Let s(n) = 11*n - 69. Let d(z) = 4*z - 23. Let f(h) = 7*d(h) - 2*s(h). Let r be f(7). Let m = -121 - -197. Calculate the highest common divisor of r and m.
19
Let d be 10 - (165*-4)/(36/72). What is the greatest common divisor of 280 and d?
70
Suppose z - 3*z + 24 = 0. Let y be (21/56)/(22/4576). Calculate the highest common divisor of y and z.
6
Suppose 3*c = 2*d + 606, 31 + 578 = 3*c - 3*d. Suppose -2*q + c = 17*l - 15*l, -3*l - q = -292. What is the greatest common factor of 120 and l?
24
Let s = -54 + 57. Suppose -9*j = -10*j - s. Let d be (5 + j)/((2/1)/2). Calculate the highest common factor of d and 14.
2
Suppose -814*r = -811*r - 12. Suppose -475 = -5*h + r*g + 143, 0 = -3*h + 3*g + 369. What is the highest common divisor of h and 90?
18
Suppose -2*r = 3*w - 8570, 5*r + 31*w = 26*w + 21425. What is the highest common factor of 5 and r?
5
Let y(b) = 2*b**2 + 3*b + 5. Suppose -8*m + 2*m - 12 = 0. Let k be y(m). Suppose 324 = -k*t + 13*t. Calculate the highest common divisor of t and 12.
6
Let s(v) = -3*v - 13. Suppose 0 = -c - 2 - 4. Let l be s(c). Let j be 6 + ((-949)/(-12) - (-22)/(-264)). What is the greatest common divisor of l and j?
5
Let h be (-2282)/(-2608) - (-121)/8. Let z be 778/10 + 1/5. Let i = z - 54. Calculate the greatest common divisor of i and h.
8
Let l(r) = 5*r**3 + 0*r + 12*r + 1 - 15*r + 0*r**3. Let k be l(1). Calculate the highest common factor of k and 141.
3
Let p(x) = -3*x**2 - 11*x - 3. Let y be p(-2). Suppose 4*k - 60 = y*i - 11*i, -4*i - 20 = -4*k. Calculate the greatest common factor of 10 and k.
10
Let p be (8 + -19 + 9)*(-41 + -1). Let n be ((-64)/20)/(4/(-70)). What is the highest common divisor of n and p?
28
Let u = -28 - -32. Suppose -2*a - d = -2*d + 15, u*a + 9 = -5*d. Let g be a/6 - (1 - 24 - 2). Calculate the highest common divisor of 60 and g.
12
Let m(d) = 3*d**2 - 2*d - 57. Let b be m(-6). Let f be (4/2 - -1) + -5. Let y = f + 11. Calculate the highest common divisor of y and b.
9
Let u = -243 + 207. Let c be -1 - 28/u - (-3068)/36. Calculate the highest common factor of c and 51.
17
Let m(t) = -t - 10. Let a = 4 - 20. Let r be m(a). Let z = -124 - -172. What is the greatest common factor of z and r?
6
Let y(p) = 5*p + 46 + 9*p - 2*p + 79 + 5*p. Let t be y(0). What is the greatest common factor of 325 and t?
25
Let n(x) = 2*x**3 - 182*x**2 + 8*x + 582. Let w be n(91). Calculate the greatest common divisor of w and 10.
10
Let f(w) = 3*w. Let k(u) = 11*u + 48. Let j(p) = 3*f(p) + k(p). Let i be j(10). What is the greatest common factor of i and 16?
8
Let b(d) = -5*d - 40. Let x be b(-9). Suppose 44 = -x*f + 4. Let k be (6/f)/(-5*(-7)/(-1540)). Calculate the highest common divisor of 165 and k.
33
Let t = -1 + 0. Let z = t + 66. Let v(x) = -299*x**2 - 77440*x + 272. Let j be v(-259). What is the greatest common factor of z and j?
13
Let t be 12/4*(-4)/(36/141). Let y = t + 53. Suppose y + 2 = 2*w. What is the greatest common factor of w and 12?
4
Suppose 0 = 3*m + 2*m - 140. Let o = -62699 + 62734. Calculate the highest common factor of m and o.
7
Let g(n) = -n**3 - 20*n**2 + 21*n + 5. Suppose 5*a - 2*v = -100, -7 = a - v - 2*v. Let o be g(a). Calculate the highest common factor of 146 and o.
73
Suppose 5*g - 17 = o, 0 = -2*o + 16*g - 11*g - 4. What is the greatest common divisor of o and 377?
13
Let l = 19943 - 19832. Calculate the greatest common divisor of 629 and l.
37
Let b(k) = 2*k**2 + 6*k - 112. Let s be b(8). Let a be 4/(-6) + (-26)/(-3). What is the greatest common divisor of s and a?
8
Let w(h) = 4*h**2 + 24*h + 22. Let d(t) = 3*t**2 + 23*t + 21. Let f(l) = 5*d(l) - 4*w(l). Let a be f(11). Calculate the highest common divisor of 42 and a.
21
Let l(g) = -19*g - 69. Let y be l(-5). Let r = 13 + -9. Suppose -39 = -7*j + r*j. What is the highest common factor of j and y?
13
Suppose 0 = 5*m + 10, 32 = 5*w - m - 1095. Calculate the greatest common divisor of 765 and w.
45
Suppose 5*p - 2*f - 2430 = 2075, 3*p + 3*f = 2682. What is the highest common factor of 155 and p?
31
Suppose 3*h + 3 = 0, 3*y + 66*h - 67*h = 361. What is the highest common divisor of y and 2220?
60
Let t be 90/(-